{"id":1963,"date":"2015-06-04T12:32:45","date_gmt":"2015-06-04T12:32:45","guid":{"rendered":"https:\/\/www.advokatsophie.se\/?page_id=1963"},"modified":"2015-08-20T06:39:06","modified_gmt":"2015-08-20T06:39:06","slug":"advokat-familjeratt-goteborg","status":"publish","type":"page","link":"https:\/\/www.advokatsophie.se\/?page_id=1963","title":{"rendered":"Advokat familjer\u00e4tt G\u00f6teborg"},"content":{"rendered":"<div class=\"l-subsection\"><div class=\"l-subsection-h\"><div class=\"l-subsection-hh g-html i-cf\"><h1>Din advokat inom familjer\u00e4tt i G\u00f6teborg och Varberg<\/h1>\n<h2>Familjer\u00e4tt<\/h2>\n<p><strong>Tvister inom familjer\u00e4tt \u00e4r ofta uppslitande och utdragna. Detta g\u00e4ller inte minst v\u00e5rdnadstvister, umg\u00e4ngestvister och tvister om barns boende. Det h\u00e4r \u00e4r tvister som kan ta l\u00e5ng tid och som kr\u00e4ver ett stort personligt engagemang av dig, men \u00e4ven av mig som advokat inom familjer\u00e4tt i mitt uppdrag som ditt ombud. Du ska d\u00e4rf\u00f6r vara noggrann i ditt val av advokat n\u00e4r det g\u00e4ller tvist inom familjer\u00e4tt.<br \/>\n<\/strong><\/p>\n<h3>&#8211; V\u00e5rdnadstvist<\/h3>\n<p>Enligt svensk familjer\u00e4tt \u00e4r gemensam v\u00e5rdnad, \u00e4ven kallad delad v\u00e5rdnad, om barnet efter en separation eller skilsm\u00e4ssa huvudregeln, f\u00f6rutsatt att gemensam v\u00e5rdnad f\u00f6revarit redan tidigare. V\u00e5rdnaden forts\u00e4tter s\u00e5ledes vara gemensam om inte f\u00f6r\u00e4ldrarna kommer \u00f6verens om n\u00e5got annat. Vissa f\u00f6r\u00e4ldrar hamnar dock i st\u00e4ndiga konflikter kring fr\u00e5gor som r\u00f6r barnet vilket leder till problem n\u00e4r de inte kan enas kring viktiga beslut som r\u00f6r det gemensamma barnet. F\u00f6r\u00e4ldrar som inte kan enas om v\u00e5rdnadsfr\u00e5gan kan f\u00e5 den avgjord av tingsr\u00e4tten efter det att en f\u00f6r\u00e4lder l\u00e4mnat in en st\u00e4mningsans\u00f6kan. Vid en v\u00e5rdnadstvist kan det finnas anledning att besluta om enskild v\u00e5rdnad, \u00e4ven kallad ensam v\u00e5rdnad, f\u00f6r en av f\u00f6r\u00e4ldrarna p\u00e5 grund av samarbetssv\u00e5righeter. Detsamma kan g\u00e4lla vid det fall en f\u00f6r\u00e4lder beg\u00e5tt \u00f6vergrepp mot barnet eller p\u00e5 annat s\u00e4tt brister allvarligt i sin omsorgsf\u00f6rm\u00e5ga.<\/p>\n<h3>&#8211; Tvist om barns boende<\/h3>\n<p>N\u00e4r f\u00f6r\u00e4ldrar har gemensam v\u00e5rdnad \u00e4r det vanligt att barnet bor v\u00e4xelvis hos b\u00e5da f\u00f6r\u00e4ldrarna vilket inneb\u00e4r ungef\u00e4r lika mycket hos vardera f\u00f6r\u00e4lder. Ist\u00e4llet f\u00f6r v\u00e4xelvist boende kan f\u00f6r\u00e4ldrarna komma \u00f6verens om att barnet har sitt stadigvarande boende hos en av f\u00f6r\u00e4ldrarna, boendef\u00f6r\u00e4ldern, och umg\u00e4nge med den andra, umg\u00e4ngesf\u00f6r\u00e4ldern. Vid det fall f\u00f6r\u00e4ldrarna inte kan komma \u00f6verens om boendefr\u00e5gan kan den avg\u00f6ras av tingsr\u00e4tten efter det att en f\u00f6r\u00e4lder l\u00e4mnat in en st\u00e4mningsans\u00f6kan.<\/p>\n<h3>&#8211; Umg\u00e4ngestvist<\/h3>\n<p>Det \u00e4r viktigt att ha klart f\u00f6r sig att umg\u00e4ngesr\u00e4tt enligt F\u00f6r\u00e4ldrabalken handlar om barnets r\u00e4tt till umg\u00e4nge med b\u00e5da sina f\u00f6r\u00e4ldrar och inte, som m\u00e5nga f\u00f6r\u00e4ldrar ibland tror, om deras r\u00e4tt att umg\u00e5s med sitt\/sina barn. Som alltid n\u00e4r det g\u00e4ller \u00e4renden d\u00e4r barn \u00e4r involverade \u00e4r det avg\u00f6rande det som anses vara b\u00e4st f\u00f6r barnet. Utg\u00e5ngspunkten enligt svensk familjer\u00e4tt \u00e4r att det \u00e4r b\u00e4st f\u00f6r ett barn att ha god kontakt med b\u00e5da sina f\u00f6r\u00e4ldrar. Om f\u00f6r\u00e4ldrarna inte kan enas om hur ett umg\u00e4nge ska utformas kan den fr\u00e5gan avg\u00f6ras av tingsr\u00e4tten efter det att en av f\u00f6r\u00e4ldrarna l\u00e4mnat in en st\u00e4mningsans\u00f6kan. Det \u00e4r enbart i de fall r\u00e4tten anser att det inte \u00e4r f\u00f6renligt med barnets b\u00e4sta att tr\u00e4ffa en f\u00f6r\u00e4lder som den vid en umg\u00e4ngestvist beslutar att inget umg\u00e4nge ska ske.<\/p>\n<h3>Behov av ombud<\/h3>\n<p>Jag rekommenderar att du tar kontakt med en advokatfirma innan du vidtar r\u00e4ttsliga \u00e5tg\u00e4rder d\u00e5 det kan vara sv\u00e5rt att f\u00f6rutse vilka konsekvenserna kan bli l\u00e4ngre fram i en tvist p\u00e5 grund av ett visst agerande idag.<\/p>\n<p>Du \u00e4r v\u00e4lkommen att ta kontakt med mig om du hamnat i en tvist r\u00f6rande fr\u00e5gor som g\u00e4ller v\u00e5rdnad, boende eller umg\u00e4nge. Jag ger fri r\u00e5dgivning per telefon vid den f\u00f6rsta kontakten. Om vi d\u00e4refter kommer fram till att du \u00e4r i behov av en advokat s\u00e5 kan jag hj\u00e4lpa dig.<\/p>\n<p>Vi bokar d\u00e5 in ett m\u00f6te d\u00e4r vi reder ut hur situationen ser ut f\u00f6r dig och ditt\/dina barn idag och hur vi b\u00e4st kan g\u00e5 vidare. Jag kommer att f\u00f6rklara processen i sin helhet s\u00e5 att du vet vad som ligger framf\u00f6r dig. L\u00e4ngden p\u00e5 en process i en v\u00e5rdnads-, boende- och umg\u00e4ngestvist beror p\u00e5 om parterna kan n\u00e5 en \u00f6verenskommelse eller inte. Ett tvist i tingsr\u00e4tten som leder fram till huvudf\u00f6rhandling tar vanligtvis mer \u00e4n ett \u00e5r. Vid det f\u00f6rsta m\u00f6tet tittar vi \u00e4ven p\u00e5 f\u00f6ruts\u00e4ttningarna f\u00f6r dig att f\u00e5 hj\u00e4lp med dina advokatkostnader via r\u00e4ttskydd eller r\u00e4ttshj\u00e4lp. Jag hj\u00e4lper dig med en ans\u00f6kan om det skulle vara aktuellt.<\/p>\n<p>Min advokatfirma har kontor\u00a0bel\u00e4gna centralt i G\u00f6teborg och i Varberg. Som advokat inom familjer\u00e4tt i G\u00f6teborg och Varberg \u00e5tar jag mig \u00e4ven uppdrag i \u00f6vriga delar av landet.<\/p>\n<p>V\u00e4lkommen att kontakta mig!<\/p>\n<\/div><\/div><\/div>","protected":false},"excerpt":{"rendered":"<p>Din advokat inom familjer\u00e4tt i G\u00f6teborg och Varberg Familjer\u00e4tt Tvister inom familjer\u00e4tt \u00e4r ofta uppslitande och utdragna. Detta g\u00e4ller inte minst v\u00e5rdnadstvister,<\/p>\n","protected":false},"author":1,"featured_media":0,"parent":0,"menu_order":0,"comment_status":"closed","ping_status":"open","template":"","meta":{"footnotes":""},"class_list":["post-1963","page","type-page","status-publish","hentry"],"yoast_head":"<!-- This site is optimized with the Yoast SEO plugin v27.5 - https:\/\/yoast.com\/product\/yoast-seo-wordpress\/ -->\n<title>Advokat familjer\u00e4tt G\u00f6teborg<\/title>\n<meta name=\"description\" content=\"Din advokat i familjer\u00e4tt i G\u00f6teborg. V\u00e4lkommen till advokat Sophie!\" \/>\n<meta name=\"robots\" content=\"index, follow, max-snippet:-1, max-image-preview:large, max-video-preview:-1\" \/>\n<link rel=\"canonical\" href=\"https:\/\/www.advokatsophie.se\/?page_id=1963\" \/>\n<meta property=\"og:locale\" content=\"sv_SE\" \/>\n<meta property=\"og:type\" content=\"article\" \/>\n<meta property=\"og:title\" content=\"Advokat familjer\u00e4tt G\u00f6teborg\" \/>\n<meta property=\"og:description\" content=\"Din advokat i familjer\u00e4tt i G\u00f6teborg. V\u00e4lkommen till advokat Sophie!\" \/>\n<meta property=\"og:url\" content=\"https:\/\/www.advokatsophie.se\/?page_id=1963\" \/>\n<meta property=\"og:site_name\" content=\"Advokatfirman Sophie\" \/>\n<meta property=\"article:modified_time\" content=\"2015-08-20T06:39:06+00:00\" \/>\n<meta name=\"twitter:card\" content=\"summary_large_image\" \/>\n<meta name=\"twitter:label1\" content=\"Ber\u00e4knad l\u00e4stid\" \/>\n\t<meta name=\"twitter:data1\" content=\"4 minuter\" \/>\n<script type=\"application\/ld+json\" class=\"yoast-schema-graph\">{\"@context\":\"https:\\\/\\\/schema.org\",\"@graph\":[{\"@type\":\"WebPage\",\"@id\":\"https:\\\/\\\/www.advokatsophie.se\\\/?page_id=1963\",\"url\":\"https:\\\/\\\/www.advokatsophie.se\\\/?page_id=1963\",\"name\":\"Advokat familjer\u00e4tt G\u00f6teborg\",\"isPartOf\":{\"@id\":\"https:\\\/\\\/www.advokatsophie.se\\\/#website\"},\"datePublished\":\"2015-06-04T12:32:45+00:00\",\"dateModified\":\"2015-08-20T06:39:06+00:00\",\"description\":\"Din advokat i familjer\u00e4tt i G\u00f6teborg. V\u00e4lkommen till advokat Sophie!\",\"breadcrumb\":{\"@id\":\"https:\\\/\\\/www.advokatsophie.se\\\/?page_id=1963#breadcrumb\"},\"inLanguage\":\"sv-SE\",\"potentialAction\":[{\"@type\":\"ReadAction\",\"target\":[\"https:\\\/\\\/www.advokatsophie.se\\\/?page_id=1963\"]}]},{\"@type\":\"BreadcrumbList\",\"@id\":\"https:\\\/\\\/www.advokatsophie.se\\\/?page_id=1963#breadcrumb\",\"itemListElement\":[{\"@type\":\"ListItem\",\"position\":1,\"name\":\"Hem\",\"item\":\"https:\\\/\\\/www.advokatsophie.se\\\/\"},{\"@type\":\"ListItem\",\"position\":2,\"name\":\"Advokat familjer\u00e4tt G\u00f6teborg\"}]},{\"@type\":\"WebSite\",\"@id\":\"https:\\\/\\\/www.advokatsophie.se\\\/#website\",\"url\":\"https:\\\/\\\/www.advokatsophie.se\\\/\",\"name\":\"Advokatfirman Sophie\",\"description\":\"\",\"potentialAction\":[{\"@type\":\"SearchAction\",\"target\":{\"@type\":\"EntryPoint\",\"urlTemplate\":\"https:\\\/\\\/www.advokatsophie.se\\\/?s={search_term_string}\"},\"query-input\":{\"@type\":\"PropertyValueSpecification\",\"valueRequired\":true,\"valueName\":\"search_term_string\"}}],\"inLanguage\":\"sv-SE\"}]}<\/script>\n<!-- \/ Yoast SEO plugin. -->","yoast_head_json":{"title":"Advokat familjer\u00e4tt G\u00f6teborg","description":"Din advokat i familjer\u00e4tt i G\u00f6teborg. V\u00e4lkommen till advokat Sophie!","robots":{"index":"index","follow":"follow","max-snippet":"max-snippet:-1","max-image-preview":"max-image-preview:large","max-video-preview":"max-video-preview:-1"},"canonical":"https:\/\/www.advokatsophie.se\/?page_id=1963","og_locale":"sv_SE","og_type":"article","og_title":"Advokat familjer\u00e4tt G\u00f6teborg","og_description":"Din advokat i familjer\u00e4tt i G\u00f6teborg. V\u00e4lkommen till advokat Sophie!","og_url":"https:\/\/www.advokatsophie.se\/?page_id=1963","og_site_name":"Advokatfirman Sophie","article_modified_time":"2015-08-20T06:39:06+00:00","twitter_card":"summary_large_image","twitter_misc":{"Ber\u00e4knad l\u00e4stid":"4 minuter"},"schema":{"@context":"https:\/\/schema.org","@graph":[{"@type":"WebPage","@id":"https:\/\/www.advokatsophie.se\/?page_id=1963","url":"https:\/\/www.advokatsophie.se\/?page_id=1963","name":"Advokat familjer\u00e4tt G\u00f6teborg","isPartOf":{"@id":"https:\/\/www.advokatsophie.se\/#website"},"datePublished":"2015-06-04T12:32:45+00:00","dateModified":"2015-08-20T06:39:06+00:00","description":"Din advokat i familjer\u00e4tt i G\u00f6teborg. V\u00e4lkommen till advokat Sophie!","breadcrumb":{"@id":"https:\/\/www.advokatsophie.se\/?page_id=1963#breadcrumb"},"inLanguage":"sv-SE","potentialAction":[{"@type":"ReadAction","target":["https:\/\/www.advokatsophie.se\/?page_id=1963"]}]},{"@type":"BreadcrumbList","@id":"https:\/\/www.advokatsophie.se\/?page_id=1963#breadcrumb","itemListElement":[{"@type":"ListItem","position":1,"name":"Hem","item":"https:\/\/www.advokatsophie.se\/"},{"@type":"ListItem","position":2,"name":"Advokat familjer\u00e4tt G\u00f6teborg"}]},{"@type":"WebSite","@id":"https:\/\/www.advokatsophie.se\/#website","url":"https:\/\/www.advokatsophie.se\/","name":"Advokatfirman Sophie","description":"","potentialAction":[{"@type":"SearchAction","target":{"@type":"EntryPoint","urlTemplate":"https:\/\/www.advokatsophie.se\/?s={search_term_string}"},"query-input":{"@type":"PropertyValueSpecification","valueRequired":true,"valueName":"search_term_string"}}],"inLanguage":"sv-SE"}]}},"_links":{"self":[{"href":"https:\/\/www.advokatsophie.se\/index.php?rest_route=\/wp\/v2\/pages\/1963","targetHints":{"allow":["GET"]}}],"collection":[{"href":"https:\/\/www.advokatsophie.se\/index.php?rest_route=\/wp\/v2\/pages"}],"about":[{"href":"https:\/\/www.advokatsophie.se\/index.php?rest_route=\/wp\/v2\/types\/page"}],"author":[{"embeddable":true,"href":"https:\/\/www.advokatsophie.se\/index.php?rest_route=\/wp\/v2\/users\/1"}],"replies":[{"embeddable":true,"href":"https:\/\/www.advokatsophie.se\/index.php?rest_route=%2Fwp%2Fv2%2Fcomments&post=1963"}],"version-history":[{"count":1,"href":"https:\/\/www.advokatsophie.se\/index.php?rest_route=\/wp\/v2\/pages\/1963\/revisions"}],"predecessor-version":[{"id":2078,"href":"https:\/\/www.advokatsophie.se\/index.php?rest_route=\/wp\/v2\/pages\/1963\/revisions\/2078"}],"wp:attachment":[{"href":"https:\/\/www.advokatsophie.se\/index.php?rest_route=%2Fwp%2Fv2%2Fmedia&parent=1963"}],"curies":[{"name":"wp","href":"https:\/\/api.w.org\/{rel}","templated":true}]}}